hat is the units digit of m?
0
Suppose 3*v - 593 = 367. What is the hundreds digit of v?
3
Let f(z) = z**3 + 14*z**2 + 7*z + 31. What is the tens digit of f(-12)?
3
Let d = -109 - -114. Suppose 385 - 90 = d*s. What is the units digit of s?
9
Let k be (-34)/((42/9)/(-7)). What is the tens digit of (-6)/k + 954/17?
5
Let q(t) = -10*t - 3. Let l = 1 + -7. What is the tens digit of q(l)?
5
Suppose -1919 = -5*u - 264. What is the units digit of u?
1
Let q(a) = -6*a + 2. Let g be q(2). Let f(d) = -2*d**2 + 14*d**2 - 11*d**2 + 3*d + 0*d**2 - 3. What is the units digit of f(g)?
7
Suppose 101*o + 773 = 102*o. What is the units digit of o?
3
What is the hundreds digit of (-15)/1*(6 - 760/15)?
6
Let l = -31 - -18. Let j = l + 7. What is the units digit of (9/j)/(6/(-28))?
7
Let i(n) = n**2 + 12*n - 1. Let k be i(-13). What is the units digit of 12/72 - (-58)/k?
5
Suppose 3*t + 2*t = 2*t. Suppose t = -6*w + 4*w + 236. What is the hundreds digit of w?
1
Suppose -4*x + 4*u = -3588, 5*x = -2*u - 1878 + 6328. What is the units digit of x?
2
Suppose -3 = -s - g, -2 = -s + 2*g + 1. Suppose -2*x - 45 = -s*x. What is the tens digit of x?
4
Suppose -188 = -4*q + 200. What is the tens digit of q?
9
Let r = 3493 + -2851. What is the hundreds digit of r?
6
Let v(p) = -4*p + 4. Let n = -11 + 4. Let u be v(n). Suppose 2*q + 5*c = -0*q + u, 0 = -5*q + 5*c + 115. What is the tens digit of q?
2
Let c be (15 - -1) + (2 - 5). Let x = c - 7. What is the units digit of x + (-1 - -2 - 1)?
6
Suppose -4 = 3*r + 26. Let c = 126 - 129. What is the tens digit of (48/r)/(c/20)?
3
What is the hundreds digit of (-1 + 7/3)/(40/17040)?
5
Suppose 2*z + 24 = -2*z. Let m be (-280)/(-3) + 2/z. Suppose 2*g = 3*f + 101, 0 = -2*g + f - 6*f + m. What is the tens digit of g?
4
Let g = 224 + -160. What is the tens digit of g?
6
Let j be (1100/(-30))/(2/6). Let w = -64 - j. Suppose 0 = -0*k + 2*k - w. What is the tens digit of k?
2
Suppose -7*l + 5*h = -3*l + 4, -2*l - 16 = h. Let d = l - -23. What is the tens digit of d?
1
Let h be (1/1)/1*11. Let z(c) = 2*c**3 + c - 2. Let g(n) = 9*n**3 - 10*n**2 - 6*n - 7. Let q(d) = g(d) - 4*z(d). What is the tens digit of q(h)?
1
Let m = -1176 - -1979. Suppose -m = -5*h - 6*h. What is the units digit of h?
3
Let z(k) = 2*k + 13. Let g(m) = -3*m + 4. Let y be g(6). Let s be z(y). What is the units digit of (s/20)/((-1)/4)?
3
Suppose -5*u = 2*v - 25, 0 = -5*u - 3*v - 4 + 29. Suppose -24 + 244 = l + 4*o, -o = -u*l + 1121. What is the units digit of l?
4
Suppose 2*j - j + 98 = -3*f, -4*f = -4. Let c = 13 - j. What is the hundreds digit of c?
1
Let a(h) = h**2 + 35*h + 35. Let s be a(-24). Let m = s + 325. What is the units digit of m?
6
What is the tens digit of (-96052)/(-55) + 6/10?
4
Let n = -13 - -31. Let t be (1 - 5)*n/(-36). Suppose 2*h = -h + 3*q + 102, 0 = t*h + 2*q - 64. What is the tens digit of h?
3
What is the tens digit of ((-19578)/91)/(0 + 4/(-14))?
5
Suppose 4*j + 5*t - 2088 = 0, 1573 = 3*j + 5*t - 3*t. Let l = j + -345. What is the tens digit of l?
8
Suppose -10 = 5*i, -105 - 215 = -y + 3*i. What is the tens digit of y?
1
Let q be 0 + 1 + (0 - 5). Let d be (9 + -3)/(q/(-10)). Let p = 26 - d. What is the units digit of p?
1
What is the hundreds digit of ((-4)/(8/(-19)))/((-1)/(-54))?
5
Let l(k) = k**2 + 8*k - 7. Let j be l(-8). What is the units digit of 3 - j*(9 - 1)?
9
Let k be 50/(-75) + (-154)/(-6). Let a = k - -61. What is the units digit of a?
6
Let d = -78 - -90. What is the units digit of 2/4 + 642/d?
4
Let b(y) = 113*y**2 + 5*y + 87. What is the hundreds digit of b(-5)?
8
Suppose -161*k = -165*k + 5108. What is the thousands digit of k?
1
Suppose -2*w - 2*q = -286, 3*w + 3*q - q - 428 = 0. What is the tens digit of w?
4
Suppose 45*o = 56*o - 6094. What is the hundreds digit of o?
5
Let j(r) be the second derivative of -r**3/6 + 3*r**2 + 6*r. Let d be j(0). What is the units digit of 1/3*(d - -3)?
3
Let w(s) = -s**3 + 11*s**2 - 2*s + 14. Let p be w(11). Let l = 5 + p. What is the units digit of 15 + 4 + (l - 2)?
4
Suppose 12 - 40 = 4*o. Let m = 8 - o. What is the tens digit of (1 + (0 - -2))*m?
4
Let g(z) = 40*z - 5. Let r(l) = -l. Let x(f) = 3*g(f) + 105*r(f). What is the tens digit of x(6)?
7
Suppose 2*d - 3*i = 1 + 1, 0 = -5*d + 3*i - 4. Let h be (-14)/(-28) + (-17)/d. Let v = h - 6. What is the units digit of v?
3
Suppose -32 = 4*y + 5*b, b - 14 - 10 = 3*y. What is the tens digit of (-174)/y + (-24)/32?
2
Suppose 4379 = 22*i - 18*i - 3*z, -z - 3278 = -3*i. What is the tens digit of i?
9
Let y(r) = 3*r - 9. Let x be y(6). Suppose -t + x - 2 = 0. Suppose -4*p + t*p = -5*d + 5, p - 4 = -4*d. What is the units digit of d?
1
Suppose 0 = -0*k + 4*k - 232. Let l = k - 22. Let b = -8 + l. What is the tens digit of b?
2
Let n(g) = 0 + 8*g - 4 + 2. Suppose -7*d = -2*d - 10. What is the tens digit of n(d)?
1
Let c(h) = h + 1. Let s(b) = -1. Let a(m) = 2*c(m) - 10*s(m). Let n be a(0). Let j = n - 0. What is the units digit of j?
2
Suppose k + m - 18 = -2*m, 0 = 3*k - 3*m + 6. Let j be (-12)/(1*-4)*k. Suppose -10*d = -j*d - 30. What is the units digit of d?
0
What is the hundreds digit of (53 + -18)/7 + 4529 + 0?
5
Let j be (-4 - -4)*(10/(-4) + 2). Suppose -1 + 11 = 2*l, 2*m + 2*l - 30 = j. What is the tens digit of m?
1
Let l(q) be the first derivative of 4*q**3/3 - 3*q**2/2 - 3*q + 9. What is the tens digit of l(-2)?
1
Let c(p) = p**2 + 5*p + 4. Let s be c(-5). Suppose -29 = -s*j + 23. Suppose -2*v = -j - 5. What is the units digit of v?
9
Let t(c) = 3*c - 13. Let s be t(11). What is the tens digit of 1*15*s/6?
5
Let u(q) = -55*q - 35. What is the tens digit of u(-9)?
6
Suppose -9*v - 408 = -15*v. Suppose -v = -4*y - r, 4*r - r = -y + 28. What is the tens digit of y?
1
Let h(p) = 18*p**3 - 5*p**2 + 6*p - 24. What is the hundreds digit of h(5)?
1
Let u = -15 - -17. Let m(r) = 2*r**2 + r - 1 + 2*r**u + 0*r**2. What is the units digit of m(3)?
8
Let y(n) be the second derivative of -n**4/12 - 13*n**3/6 - 3*n**2 - n. Suppose -19 = 4*f + 5*r, -58 = 7*f - 4*f - 5*r. What is the tens digit of y(f)?
1
Let q = 415 + -163. Suppose 4*g + 2*w = 298 - 42, -4*g = 3*w - q. What is the units digit of g?
6
Let u be 13 + (-3 - -1) + 0. Let x = 16 - u. Suppose -6*h + 29 = -x*h. What is the tens digit of h?
2
Let i(a) = a + 10. Let y be i(-7). Suppose -3*w = 2*n - 6 - 16, -2*w + 4*n = 12. Suppose -y*h = w*t - 233, 296 = 5*t - 4*h + 3*h. What is the units digit of t?
9
Suppose -3*h = -16*g + 12*g - 196, 2*h + 5*g - 146 = 0. What is the units digit of h?
8
Let f be (8/24)/((-2)/24). What is the tens digit of 1/f - (4 - 105/4)?
2
Suppose 3*y - 2138 = 1093. What is the hundreds digit of y?
0
Let d = 46 + -61. Let u = 11 - d. What is the units digit of u?
6
Suppose a - 136 = b, 5*a + 0*b = -5*b + 680. What is the units digit of a?
6
Let m(w) = 29*w + 3. Suppose 3*z + 4*f - 10 = 0, 2*f - 1 + 9 = 5*z. Let d be m(z). Suppose 5*l - 34 = d. What is the units digit of l?
9
Let o(g) = -18*g + 2. Let f be o(-4). Let r = f + -53. Let d = 36 - r. What is the tens digit of d?
1
Suppose -k = 4 - 5. Let u = -613 + 609. What is the tens digit of (-141)/u - k/4?
3
Suppose 3*s - 1 = -4. Let j(m) = 7 - 15 - 21*m + 7. What is the units digit of j(s)?
0
Let a(q) = 95*q**2 + q + 1. What is the tens digit of a(-2)?
7
Let s = -28 - 32. Let l be (s/(-8))/((-3)/(-6)). Suppose -5*t - l = 0, 4*a - 5*t + 0*t = 247. What is the tens digit of a?
5
Let b(l) be the first derivative of l**4/4 - 10*l**3/3 + 9*l**2/2 + 2*l + 1. Let i be b(9). Suppose 28 = i*f + 8. What is the units digit of f?
0
Let i = 4 - -50. Let y = i + -23. What is the units digit of y?
1
Suppose 0 = 4*f + 3*f - 119. What is the units digit of f?
7
Let g = 478 + -33. What is the units digit of g?
5
Let t = -1021 - -1869. What is the tens digit of t?
4
Suppose -l - 3*a = -3*l + 57, 4*l - 89 = a. Suppose 5*g = -t + l, -3*t - 4*g + 33 = -63. What is the tens digit of t?
3
Suppose -v - 4*v - 5 = -5*b, -4*b = -5*v - 6. What is the units digit of (-10)/(-5) - 0/b?
2
Let h(a) = -102*a - 218. What is the thousands digit of h(-36)?
3
Suppose j = -0*d - 3*d + 22, -3*d = 3*j - 30. Suppose 5*m = -d*m + 1122. What is the units digit of m?
2
Let a = 38 + -36. Suppose 366 = 5*b - a*b. Suppose 3*v - 4*t - 76 = 0, 5*t - b = -2*v - 2*v. What is 